 - 2).
-4
What is the value of -7 + 1 + 1 - -4 - -6?
5
Evaluate 0 + (1 - 1) + (0 - 5).
-5
What is the value of 4 + 1 + -4 - (0 - 1)?
2
-6 + -1 + 1 + (3 - -1)
-2
-8 + 14 + -5 - 7
-6
Evaluate (-17 + 14 - -8) + -2.
3
What is the value of -12 + 6 + 10 - 1?
3
What is 6 + -1 + -2 + 3 + -2?
4
6 - 7 - 7 - -1
-7
What is -3 + (-8 - (-11 + -1 + 6))?
-5
What is the value of 3 + (0 - (-3 + 0)) + -1?
5
What is the value of (10 + -3 - 7) + -8 - -4?
-4
Evaluate 22 - 22 - (0 + -3).
3
Evaluate -29 + 28 - (-2 - (0 - -1)).
2
What is 0 - (-2 + -3) - 3?
2
-2 - (-10 + (-4 - 1) + 6)
7
Calculate -7 + 12 + -1 + (-11 - -2).
-5
What is the value of 2 - (-3 + (-3 - -9))?
-1
Evaluate -2 + -14 + -1 + 11.
-6
Evaluate 4 + (4 - -1 - 9) - -4.
4
Calculate 10 - 7 - (2 + 0 + -1).
2
Calculate 10 + (-19 - -6) + (6 - 0).
3
1 - (15 - 9 - 1)
-4
Evaluate 5 + (2 + -12 + -2 - -5).
-2
What is 4 - ((-4 - (-2 - 0)) + 6)?
0
Evaluate -1 - (5 + -11 - -2).
3
12 + (3 - (3 + -1 + 4))
9
Evaluate (-5 - -12) + -15 + 13.
5
What is 2 + 2 - (-1 - (-7 + -1))?
-3
What is the value of -4 - (7 - 4) - -5?
-2
-1 - 0 - (76 + -67)
-10
Evaluate 0 + -2 + 6 + (0 - 4).
0
What is (-6 - (-4 - -2)) + 3?
-1
What is the value of (-10 + -13 - -8) + 9?
-6
What is (0 + 1 - 4) + 14 + -10?
1
Calculate (-11 - 1) + 8 + -3.
-7
What is the value of -3 + -1 + (0 - -1) - -8?
5
What is 6 + (-11 - -4) + (0 - -3)?
2
Evaluate 12 + (9 - (5 + 10)).
6
0 + 2 - (16 + -6 - 7)
-1
Evaluate -2 + 1 - (5 + -11).
5
Calculate -1 + (2 - 3) + 2.
0
-2 - (-6 + (1 - -5))
-2
What is the value of (-1 - 0) + 2 + (6 - 6)?
1
Calculate 14 + (-4 - -1) - 6.
5
Calculate 0 + -2 + (11 - 6) - 5.
-2
What is the value of -13 + 11 - (0 + 0)?
-2
Calculate -3 + 2 + (0 - -3) + 0.
2
(5 - -2) + (-26 - -13) + 4
-2
What is -4 - (0 - (-2 + -5)) - -5?
-6
What is the value of (11 - 13) + 1 + -1 + 3?
1
7 - (-6 + 1 + 6)
6
Calculate -11 + 17 - (1 - 3 - -6).
2
3 + -9 - (-6 - 12 - -4)
8
What is 11 + -3 + -1 - 12?
-5
What is the value of -20 + 22 + (0 - 2)?
0
Calculate 5 + (-4 - -7 - 8).
0
What is -4 - (4 + (-6 - 2))?
0
What is 3 - (2 + (-6 - -6))?
1
Evaluate -4 - (1 - 1) - (11 + -8).
-7
What is 7 + (-6 - -8 - (-1 + 5))?
5
What is -7 + 9 - (-2 + 2 + -1)?
3
Evaluate 2 - (0 - 2 - 0 - 1).
5
What is 1 - (4 + (-5 - -6))?
-4
(-3 - -6) + (-2 - -4)
5
What is (-7 - 0) + 7 + 1 + 4?
5
What is the value of (-7 - (-8 + -3 + 7)) + 7?
4
What is the value of -1 + (-6 - (4 + -5))?
-6
Calculate 0 + 2 - 2 - -6.
6
Evaluate -2 + 0 + -3 + 3.
-2
What is the value of (-7 - 1) + (14 - 0)?
6
2 + -3 - (0 - (-1 + -1))
-3
What is 8 - (-7 - (-1 + -1) - -9)?
4
What is 1 - 4 - ((-1 - 3) + 1)?
0
-5 + 0 - (-4 - 2 - -3)
-2
What is -6 + 10 + 2 + -5?
1
What is (11 - (6 - 3)) + -4?
4
0 + (-9 - (-4 + -6 + 6))
-5
Evaluate 25 + -12 - 19 - -4.
-2
Calculate -6 - (-7 + 7 - 6).
0
Calculate -8 + 2 - (6 + -21).
9
What is the value of -4 - (-5 + 2 - (0 + -1))?
-2
Evaluate -7 - 4 - -12 - (6 - 1).
-4
2 - (7 + -2 - 2) - -6
5
What is the value of (0 - 1) + (2 - (-6 - -8))?
-1
What is the value of -6 + (7 + -9 - (2 + -4))?
-6
What is the value of 0 + -27 + 14 + 10?
-3
Calculate -4 + -1 + 2 + 3 + 3.
3
What is the value of 18 - (4 - 15 - -22)?
7
Evaluate 1 - (1 + 0 + 1).
-1
What is (-6 - -2) + (0 - -1)?
-3
12 + -10 - (-2 + 5 - -2)
-3
What is 27 - 25 - (2 - -1)?
-1
Evaluate (1 - 6) + -3 + 8 + 1.
1
(0 - -2) + -4 + -1
-3
What is 6 - (-2 + 5 + 0) - 1?
2
Calculate 4 + (-5 - -4) + -3 - -5.
5
Evaluate 1 + -4 + (2 - 6 - -10).
3
What is (2 - 1 - 7) + 2 + -1?
-5
Evaluate 3 - 2 - 0 - (-6 + 1).
6
What is (22 + -8 - 7) + -1?
6
Evaluate -1 - (-6 + 0 + 4).
1
What is -4 + 0 + (15 + -2 - 5)?
4
Evaluate 9 + -7 + 6 + (3 - 6).
5
What is the value of -3 + (8 - (5 - 5))?
5
Calculate 1 + 0 + -4 - (-13 - -5).
5
8 - (8 - 7 - -8)
-1
Evaluate -8 - (-2 + -2) - -6 - 3.
-1
What is the value of 2 + -4 + 4 + -11 + 10?
1
Evaluate -2 - (3 + (1 - 1)).
-5
Evaluate 2 + 0 + -10 + 11.
3
(3 - -4) + -3 + -4
0
Evaluate 5 - (2 - (-4 - -4)).
3
Evaluate -1 + -6 + (19 - 17).
-5
Evaluate (1 - (0 + -2)) + 0 + -5.
-2
Evaluate 2 + (-22 - -13 - (-3 + 0)).
-4
What is 0 + (-2 - (-1 + 1)) + -1?
-3
Calculate 5 + (-4 - (7 - 3)) + 5.
2
0 - (0 + -7 + 6)
1
Evaluate -4 - (5 + -9 - -1).
-1
What is -5 - (-10 + 4 - 1)?
2
What is the value of -6 + 2 + 7 + -6?
-3
What is the value of -3 + -2 + 1 + -1 + 3?
-2
What is the value of (0 - -2 - 2) + (2 - 3)?
-1
Calculate 5 + 2 + -10 + 8.
5
What is (-2 + -4 - -1) + (-3 - -8)?
0
What is the value of -2 + 4 - (-4 - -2)?
4
Calculate -6 - -1 - (-8 + 3).
0
What is -15 + 0 + 7 + 1 + 16?
9
3 + (-4 - -6) + -1
4
What is the value of 2 + (-1 - (5 + 0 - 10))?
6
What is the value of 15 - 10 - (5 + (2 - 1))?
-1
What is 4 + (-1 - -6) + (2 - 8)?
3
What is the value of (1 + -4 - 1) + -9 + 9?
-4
Calculate -4 + (-8 + 20 - 0) - 13.
-5
-17 - -8 - (-5 - (7 - 4))
-1
What is the value of -6 - (-2 + -13 + 5)?
4
Calculate 2 - -6 - 6 - 3.
-1
Calculate (3 - 8) + (2 + -2 - -4).
-1
What is 10 + -14 - (-5 + -1)?
2
-3 - (-3 - -7 - 1 - 7)
1
-11 + 2 - -4 - -5
0
-5 - (-2 + -2 + 2)
-3
What is the value of 6 - (1 - (1 - 7))?
-1
4 + (-9 - (-1 - 4))
0
Calculate (-3 - -3 - 1) + 2 + -5.
-4
Evaluate -13 - -7 - (1 - 6) - 1.
-2
2 - (-1 + -2 - (8 - 15))
-2
What is the value of -1 - 2 - (-45 - -38)?
4
(-5 - -4) + 2 - (1 + 2)
-2
What is (-11 - (-3 + -7 + 5)) + 6?
0
What is -6 - (10 - (2 + 9))?
-5
Calculate -2 + (-1 - -1) - (-14 - -7).
5
8 + (1 - -3 - (2 - -1))
9
Evaluate (5 - (4 - 4)) + (3 - 7).
1
Evaluate 8 - (20 - ((-6 - -21) + -8)).
-5
Calculate (10 - 3) + -3 + 1 + 0.
5
What is -2 + (3 - (6 - 1) - -7)?
3
Evaluate (-10 - -10) + 0 + 1.
1
-13 - -11 - (-1 + 5)
-6
-2 + -2 + (7 - 1 - 5)
-3
(-1 - -1) + 1 + 0
1
(5 - (-2 + (0 - -3))) + -6
-2
Calculate -7 - (0 - 6) - (2 + -1).
-2
What is the value of 5 + (-9 + 10 - (1 + 3))?
2
What is the value of -1 + (1 - 1) + 1?
0
Evaluate 8 - ((2 - -4) + 4 + -5).
3
Evaluate (-8 - -6) + 0 + 4 - 0.
2
What is 1 - (9 - 5 - (0 - -3))?
0
Calculate 0 - (-5 - -10) - 3 - -2.
-6
Calculate 13 - (2 - (-3 + -16)).
-8
What is -3 + -3 + 3 - -2?
-1
What is the value of 1 - (-10 + 9 + -3)?
5
What is -1 + (2 - 5) - 3?
-7
-2 + 3 - 4 - 3 - -4
-2
What is 9 + -1 + -5 + -1 + 5?
7
10 - (-2 + (-5 - -10))
7
Calculate -5 + 2 + 1 - -4.
2
What is 0 - (5 - -8 - 3)?
-10
Calculate (-6 - (5 - 8)) + -1.
-4
-2 + (4 - 0) + -3
-1
Evaluate 7 - (8 - (-10 + 6)).
-5
What is the value of 0 - (-1 + 1 - (-6 + 6))?
0
Calculate -1 + 14 - (3 + 1 + 2).
7
What is the value of 6 + (1 - 3) - 12?
-8
What is -1 - 4 - (3 + (-14 - 0))?
6
Calculate 2 + -2 - 2 - -6.
4
Calculate 0 + -3 - 2 - 0.
-5
Calculate 1 + (1 - -2) + (-8 - -3).
-1
Calculate (-6 - -1 - -10) + -21 + 9.
-7
What is the value of -54 + 64 - (1 - -5)?
4
What is the value of -2 + -3 + (-6 - -2) + 13?
4
25 - 15 - 9 - -10
11
What is the value of 3 + -5 + (2 - -4)?
4
Calculate (-2 - -6) + 6 + -8 + -3.
-1
Calculate 2 + (-3 - 1) + 1.
-1
What is the value of -6 - (4 - (7 + -1))?
-4
Evaluate (14 + 1 - (1 + 6)) + -9.
-1
Calculate -2 + 4 + -4 - -2.
0
-8 - -15 - (8 - 3) - 6
-4
Calculate (1 - (2 - 3)) + -4 + 0.
-2
1 + -4 - (-7 - (9 - 4))
9
Calculate -9 + 1 - (65 - 76).
3
What is (-11 - -6 - (-2 - 0)) + 2?
-1
What is (0 - 4) + 1 + (-17 - -23)?
3
0 + -2 + -2 + (1 - -2)
-1
Calculate 54 - 47 - (-1 - -10).
-2
Evaluate (0 - (1 + 0)) + -2 + -1.
-4
Calculate (3 - 5) + 3 - -3 - 1.
3
What is the value of -2 - (32 - 21 - (7 - 1))?
-7
(11 - (3 - -2) - 2) + -3
1
What is the value of (12 + -6 - -3) + -15?
-6
What is (-2 - -3) + (-2 - 1)?
-2
What is the value of 0 - 2 - (-21 - -17)?
2
What is the value of (-20 + 17 - (-4 - 1)) + -2?
0
Evaluate (-15 - (9 - 20)) + 15.
11
Evaluate -10 + (22 - (9 + 0)).
3
Calculate (-4 - (6 + -6)) + 1.
-3
Evaluate (4 - 0) + -6 + -3.
-5
Evaluate -14 + 11 - (1 - 8).
4
(-2 - 6) + 4 + 0
-4
1 - (3 - 1 - (0 - 0))
-1
What is the value of (5 - 6) + (7 - 1)?
5
What is 0 - (-7 - (-11 + -1))?
-5
(0 - 3) + (2 - -3) + -2
0
2 + -2 + -2 + (-5 - -6)
-1
Evaluate 0 - (6 - (-5 - -12)).
1
What is the value of (3 - 2) + 0 + -6?
-5
Evaluate -4 + (4 - (1 + 2)).
-3
What is (-113 - -105) + (5 - 2)?
-5
What is (-7 - -2) + (14 - 8)?
1
Calculate 3 + 0 + 2 + -3 + 0.
2
What is (1 - 0 - (15 + -12)) + 0?
-2
Evaluate (-4 + 6 - 1) + (0 - 1).
0
Calculate (14 - (-3 - -12)) + 3.
8
What is -7 - (-18 + 5 - -7)?
-1
What is 5 - (11 + (3 - 3))?
-6
2 - (4 - (-4 + 2)) - -1
-3
3 - (3 + -1 - 3) - 4
0
